k)?
19
Suppose 0 = -4*n + i + 24, n = -2*i - 1 - 2. List the prime factors of n.
5
Let n(z) = -z**3 - 7*z**2 + 7*z - 2. Let m be n(-8). Let h(i) = 4 - 1 - m - 2*i + 1. List the prime factors of h(-5).
2
Let j = -42 - -49. What are the prime factors of j?
7
Let j(q) be the first derivative of 0*q**3 + 0*q**2 - 1/4*q**4 - 2 + 0*q. List the prime factors of j(-2).
2
Let o(j) = 4*j**2 - 13. What are the prime factors of o(-6)?
131
Let h = 283 - 126. What are the prime factors of h?
157
Suppose w + 2*w = 4*a + 2, -1 = -a. Let d = 0 + w. Suppose -20 = -5*j - 4*p + p, -d*j + 3*p + 29 = 0. What are the prime factors of j?
7
Suppose 5 - 2 = v. Suppose 0 = -2*y - v*y + 105. What are the prime factors of y?
3, 7
Let s(x) = 11*x + 1. Let g be s(-1). Let h be (-6)/24 - 110/8. Let b = g - h. What are the prime factors of b?
2
Let f = 9 - -13. Suppose 4*u = -d + f - 0, 12 = u - 3*d. What are the prime factors of u?
2, 3
List the prime factors of (27/2)/(1/2).
3
Let w(t) = -5 + t**3 - 11*t + 4 + 6*t**2 + 2*t**2. Let h = -13 - -4. What are the prime factors of w(h)?
17
Suppose 94 = 8*h - 226. List the prime factors of h.
2, 5
Let t = 6 - 10. Let l be (-1)/t + (-35)/(-20). List the prime factors of ((-8)/(-5))/(l/10).
2
Let w be 5/2*(-4)/(-2). Suppose -h - w*v = 3*h - 13, 0 = 4*h - 5*v - 3. Suppose k + 2*i - 2 - 8 = 0, 3*k - 26 = -h*i. List the prime factors of k.
2
Let b = -4 - -4. Suppose -2*x + 4*w + 30 = b, 4*w + 6 = 14. List the prime factors of x.
19
Let q = 76 - 33. What are the prime factors of q?
43
What are the prime factors of 6/(-2) + 3 - -15?
3, 5
Let f(d) = -2*d + 2. Suppose -2*o = 5*t + 28, 3*o + 29 = -4*t + 8*o. What are the prime factors of f(t)?
2, 7
Let t(k) = -4*k + 12. Let y be t(4). What are the prime factors of 0/(y + 5) + 4?
2
Let g(z) = z**3 - 15*z**2 + 16*z + 1. Let m be g(13). Let b be m/(-27) + 8/36. Suppose w + 4*v - 11 = 0, -b*w + 11 + 21 = -3*v. What are the prime factors of w?
7
Suppose 2*q - 83 = 5*g, 0*q + g + 242 = 5*q. What are the prime factors of q?
7
Suppose 2*i - 4*u - 14 = 0, -2*i - 2*u + 18 = 2*i. Suppose 0 = -4*j, h + i*j - 2 = -0*h. Suppose -5*f = -h*f - 24. List the prime factors of f.
2
Let y be 1 + -2 - (-1 - 1). Suppose k + y = 2. Suppose 2*s = -3*x + 26, -x - 2*s - k + 3 = 0. What are the prime factors of x?
2, 3
Let m(y) = y**2 - 15*y - 3. Let c be m(9). Let g = -34 - c. List the prime factors of g.
23
Let i(r) = -16*r - 1. What are the prime factors of i(-2)?
31
Suppose -2*o = -4*o - b + 9, -5*o + b + 26 = 0. Suppose 0 = -o*n + 3*n + 6. What are the prime factors of n?
3
Let g(d) = d**3 - 8*d**2 + 8*d + 4. What are the prime factors of g(7)?
11
Suppose -32 = -3*j - 8. Let i = 18 - j. What are the prime factors of i?
2, 5
Let l = 51 + -7. Suppose -4*i + 9*i + 2*z - 143 = 0, 0 = 5*i - 3*z - 148. Let a = l - i. What are the prime factors of a?
3, 5
Let o be 2*(-1)/2 - -19. Suppose 3*p + 39 = 6. Let n = p + o. List the prime factors of n.
7
Suppose -f = -3*c - 0*f + 8, f = c. Suppose -9 = -c*z + 27. What are the prime factors of z?
3
Let p(b) = -b**2 - 17*b - 15. Suppose 29 = -5*k - 31. List the prime factors of p(k).
3, 5
Suppose -x + 130 = 16. What are the prime factors of x?
2, 3, 19
What are the prime factors of 2/(-4) - (-2406)/12?
2, 5
Let l = -140 + 143. What are the prime factors of l?
3
Let n be (-128)/(-22) - (-10)/55. Let i = -1 + n. Suppose y + 28 - 11 = 2*t, -i*t - 2*y + 65 = 0. What are the prime factors of t?
11
Let y = -4 - -2. Suppose -4*q - 9 = -b - 3, -2*b + 2*q = 0. List the prime factors of b/(y + 40/22).
11
Let n(z) = 31 + 5*z - 4*z**2 - 3*z + z**2 + 2*z**2. What are the prime factors of n(0)?
31
Suppose 0*x + 3*x = 6. Suppose 4 = -2*q - x. Let p = q + 5. What are the prime factors of p?
2
List the prime factors of (5 - 1) + 142 + 1.
3, 7
Let i(j) = -2*j + 36. List the prime factors of i(16).
2
Suppose 2*o + 0*o = 86. List the prime factors of o.
43
Let q = 0 - -2. Suppose -q*u + 0*u = -12. What are the prime factors of (u/4)/((-3)/(-16))?
2
Suppose -2*y - 5*r - 16 = 0, 5*y - 3*r = -3 + 25. What are the prime factors of (14/(-3))/(y/(-6))?
2, 7
Let a = -147 + 246. List the prime factors of a.
3, 11
Let v(t) = t**2 + 1. Let h(x) = 3*x**2 + 5*x + 8. Let j(d) = h(d) - 2*v(d). Let k be j(-4). Let p = 25 - k. What are the prime factors of p?
23
Let b = 1 + 4. Let r = 3 - b. Let w = r - -4. What are the prime factors of w?
2
Suppose -3*h - 4*q + 29 = 0, 4*h + 3*q = 12 + 22. Let d = h - 4. List the prime factors of d*((-6)/9)/(-1).
2
Suppose p + 2*l + 16 = 2*p, 5*p + 3*l - 93 = 0. What are the prime factors of p/1 - 0/3?
2, 3
Let c(i) = -i**3 - i**2 + 4*i + 2. Let y be c(-3). Let q = y + 17. What are the prime factors of q?
5
Let w be 4 - (0 + -3 + 2). Let z = w - 3. List the prime factors of (-19)/(z/(-2)) - 1.
2, 3
Suppose 411 = 7*a - 653. What are the prime factors of a?
2, 19
Let d(t) = 3*t. Let i be 1/(-2)*2 - 0. Let j be 10*1*i/(-2). What are the prime factors of d(j)?
3, 5
List the prime factors of 6*(0 - (-28)/8).
3, 7
Let d be (6/3)/((-4)/4). List the prime factors of (-5)/d*(6 + 0).
3, 5
Let d(k) = 2*k**2 - 13*k - 17. List the prime factors of d(12).
5, 23
Suppose -2*y + 10 = a, -5*a = 4*y + 15 - 83. What are the prime factors of a?
2
Suppose -4*s + s + 83 = a, -s = a - 31. List the prime factors of s.
2, 13
Let h = 10 + -13. Let b(f) = 9*f**2 + f + 5. Let w(o) = -5*o**2 - 3. Let k(u) = 3*b(u) + 5*w(u). What are the prime factors of k(h)?
3
Let d be (1 + 4)/((-3)/(-3)). Let j be ((-12)/(-18))/(2/(-9)). What are the prime factors of d + j/(6/(-2))?
2, 3
Let m(t) = t**3 + 9*t**2 - 16*t - 15. Let u be (-1)/((-4)/(-16)) + -6. List the prime factors of m(u).
3, 5
Let h(t) = -t. Let u = 16 + -25. List the prime factors of h(u).
3
Let b = 12 - 7. What are the prime factors of ((-1)/(-2))/(b/220)?
2, 11
Let s = 6 + -1. Suppose 2*t - 49 = -4*n + 17, -4*n + 59 = -s*t. Suppose z + n = 3*z. What are the prime factors of z?
2
Let b = 56 - 26. Suppose -b = u - 3*u. List the prime factors of u.
3, 5
Let l be ((-3)/3 - -1) + 6. Let v be (l/(-8))/(6/(-168)). Let x = -12 + v. List the prime factors of x.
3
Suppose -k - 4*t = 15, -t + 11 = -2*k - 46. Let y be 9*3*6/k. What are the prime factors of (-3)/y + (-15)/(-2)?
2
Let y = 1 - -2. Suppose y*m - 95 = -2*o - 3*o, -2*o = -5*m - 7. Suppose 4*i - o = -0*i. List the prime factors of i.
2
Let y(c) = 8*c**3 + 6*c**2 - 10*c - 1. List the prime factors of y(2).
67
Let l be ((-2)/3)/(2/(-9)). Suppose a = l*a - 18. Suppose 4*c - 13 = -5*v, 3*c - 2*v = -5*v + a. List the prime factors of c.
2
What are the prime factors of (-1)/2 + (-153)/(-2)?
2, 19
Let g = 24 - 14. What are the prime factors of g?
2, 5
List the prime factors of 16*(-3 + 12 + (-3 - -2)).
2
Suppose 5*z - 3 - 7 = 0. Suppose -z*n = 2*n - 12. Suppose i + 0*o = -o + 16, n*o + 7 = 2*i. List the prime factors of i.
11
Let a(k) = -3*k**3 - 5*k**2 - 3*k + 10. List the prime factors of a(-4).
2, 67
Suppose -55 = -g + 10. Suppose t - 6*t + g = 0. List the prime factors of t.
13
Let k = 48 + -32. Let n = -10 + k. List the prime factors of n.
2, 3
Let t = -298 - -493. List the prime factors of t.
3, 5, 13
Let r(g) = -2*g + 3. Let i be r(3). Let o be i/((-2)/((-4)/(-3))). Suppose 3*f = o*a - 27, f - 2*f = 5. What are the prime factors of a?
2, 3
Suppose u - 5 = -117. Let b be (u/20)/((-3)/(-15)). What are the prime factors of ((-3)/(-4))/((-1)/b)?
3, 7
Let x(b) = b**2 - 10*b + 2. Let t be x(9). Let i(v) = v**3 - 2*v - 5 + 7*v**2 - 2 + 0*v. List the prime factors of i(t).
7
Suppose 0 = -2*p + 4*p + 16. Let i be (-180)/3*6/p. Suppose 0 = 5*f - 5*v - i, f + 4*v + 31 = 4*f. What are the prime factors of f?
5
What are the prime factors of ((-10)/3)/(8/(-24))?
2, 5
Suppose 12 = d + 3*d. Suppose 3*x + 25 = -2*x, l + 7 = -d*x. What are the prime factors of l?
2
Suppose 3*z - h - 59 = 0, -z - 10 = h - 31. Let g be (-2)/(-8) + 35/z. Suppose 6 = -2*q, -4*k + 20 + 34 = g*q. What are the prime factors of k?
3, 5
Suppose -2*i + 5 = -5. What are the prime factors of i?
5
Let d be (0 + 2/(-3))*-6. Suppose 45 + 53 = d*a + f, -52 = -2*a + f. List the prime factors of a.
5
Suppose -4*i + 13 = 1. Suppose i*g = 4*g - 10. List the prime factors of g.
2, 5
Let s = -142 + 209. Suppose 4*t - 133 - s = 0. What are the prime factors of